
In base 8, what is 16224 - 7?
16215
In base 10, what is -501 - -216?
-285
In base 2, what is -101110110 - -10100001?
-11010101
In base 12, what is 4 - -24b1?
24b5
In base 13, what is 1930 + 3?
1933
In base 16, what is f705 + 4?
f709
In base 12, what is -3b8b9 + 3?
-3b8b6
In base 6, what is -113030 + 21?
-113005
In base 5, what is 2 - 10400?
-10343
In base 6, what is -3 - -401124?
401121
In base 12, what is 15 + -578?
-563
In base 6, what is 21 + -205234?
-205213
In base 2, what is -111100 - 111000111000?
-111001110100
In base 11, what is -33 - -10a50?
10a18
In base 2, what is -100 - -1000000101001110001?
1000000101001101101
In base 7, what is -11 + -4614?
-4625
In base 5, what is 20 - -100100?
100120
In base 6, what is 444 + -501?
-13
In base 4, what is -2302 + -21333?
-30301
In base 11, what is -73 + -a55?
-1018
In base 10, what is -62 - 732?
-794
In base 13, what is 1 - 2cab86?
-2cab85
In base 13, what is -84a43 - 3?
-84a46
In base 15, what is -bb877 + 1?
-bb876
In base 7, what is 14 + -45103?
-45056
In base 9, what is 55125 + -30?
55085
In base 5, what is 344 + -3122?
-2223
In base 7, what is 5 - -602421?
602426
In base 2, what is 11010101 - 101001100101100?
-101001001010111
In base 4, what is -303 - 2311200?
-2312103
In base 2, what is -100000000111000101101 - 101?
-100000000111000110010
In base 8, what is -14 - 461107?
-461123
In base 6, what is 12242 - 402?
11440
In base 5, what is -1 - 123232?
-123233
In base 15, what is ad211 + -4?
ad20c
In base 14, what is -9 - -69c0?
69b5
In base 15, what is -2a590 - -3?
-2a58c
In base 4, what is 100023 - 20?
100003
In base 7, what is -1 + 204401?
204400
In base 8, what is -52 - 311476?
-311550
In base 10, what is 8861 + -2?
8859
In base 3, what is 1021122021 + -12?
1021122002
In base 11, what is 3 - 46530?
-46528
In base 9, what is 1 + -175203?
-175202
In base 12, what is -8 + -ba9b?
-baa7
In base 9, what is 2 - -68745?
68747
In base 5, what is -101233 + -10?
-101243
In base 3, what is -1 - 2210021211?
-2210021212
In base 11, what is 589254 + -5?
58924a
In base 8, what is -10 + 20657?
20647
In base 14, what is -5 + -67b35?
-67b3a
In base 12, what is 3635 - 10?
3625
In base 10, what is 685452 + 5?
685457
In base 6, what is 1 + 22133?
22134
In base 10, what is 443 - -52?
495
In base 3, what is 2012222 + 20?
2020012
In base 5, what is -334 + 324?
-10
In base 14, what is 360 + 68?
3c8
In base 6, what is 3 - -1204322?
1204325
In base 3, what is 200010100020 + 12?
200010100102
In base 11, what is 5 + 984?
989
In base 10, what is -982 + 1555?
573
In base 2, what is 10010 + 111111011001?
111111101011
In base 2, what is 101 - 100000000000110100?
-100000000000101111
In base 9, what is -23 + -17787?
-17821
In base 6, what is 2234451 + 2?
2234453
In base 3, what is -2102 - 21100200?
-21110002
In base 9, what is -6 - 1437121?
-1437127
In base 12, what is -43aa - -52?
-4358
In base 9, what is -117833 - 4?
-117837
In base 15, what is 1 - 6c7c?
-6c7b
In base 2, what is 10010101000100 + -100?
10010101000000
In base 4, what is -1220310 - -210?
-1220100
In base 15, what is 3 - -5d5?
5d8
In base 4, what is 3130 - -133111?
202301
In base 4, what is 11 - -22133033?
22133110
In base 2, what is -10110000001 - -11?
-10101111110
In base 7, what is 116552 + 116?
120001
In base 12, what is -4b11 - 3b?
-4b50
In base 6, what is -104511 - -230?
-104241
In base 16, what is -41 - -e41?
e00
In base 10, what is -83243 + -25?
-83268
In base 6, what is -141 - -14210?
14025
In base 2, what is 10110110111111001 + -100?
10110110111110101
In base 8, what is -5 - -14132?
14125
In base 14, what is 11097 + 1?
11098
In base 8, what is -3 + 3447521?
3447516
In base 16, what is 8 - -2839d?
283a5
In base 16, what is 2 + -47c3?
-47c1
In base 4, what is -10213 - -13001?
2122
In base 3, what is -10 - -1012201121?
1012201111
In base 15, what is ca532 - -5?
ca537
In base 12, what is 2 - -9508?
950a
In base 13, what is -92b7 - 2?
-92b9
In base 14, what is -9a - -8aa3?
8a07
In base 2, what is -10 - -11001111000101101?
11001111000101011
In base 4, what is -11300331 + -310?
-11301301
In base 10, what is 16019 + -5?
16014
In base 11, what is -1831 + -2a5?
-2026
In base 8, what is -427752 - -5?
-427745
In base 5, what is 114 + -10140?
-10021
In base 10, what is -5378 + -8?
-5386
In base 12, what is -31 + -12596?
-12607
In base 12, what is -17 + 6a48?
6a31
In base 12, what is 518 + -2096?
-177a
In base 5, what is 41232320 - 12?
41232303
In base 16, what is 1117c2 - -6?
1117c8
In base 12, what is -283 - -234?
-4b
In base 10, what is 82027 + 21?
82048
In base 3, what is 220 - 1001121?
-1000201
In base 11, what is -1a8647 + 3?
-1a8644
In base 5, what is 10 - 441420?
-441410
In base 11, what is 2 - 53855?
-53853
In base 9, what is 12 + -5268?
-5256
In base 4, what is -131 + 10123333?
10123202
In base 12, what is 11 - -20303?
20314
In base 13, what is -5 - a5?
-aa
In base 10, what is -18155 + 38?
-18117
In base 13, what is 5 - 166165?
-166160
In base 3, what is 11112010 - 20?
11111220
In base 10, what is -28 - 40902?
-40930
In base 9, what is -1 + 18310?
18308
In base 6, what is 3 + 203151?
203154
In base 13, what is -1612 + 3?
-160c
In base 7, what is -2 + 360541?
360536
In base 4, what is -12120103 - 30?
-12120133
In base 7, what is 3423 - 33?
3360
In base 3, what is 2 - -212201100?
212201102
In base 13, what is 0 - -34c5?
34c5
In base 14, what is 1 - -1d3da?
1d3db
In base 6, what is -240500 + -252?
-241152
In base 12, what is -4 - -172635?
172631
In base 2, what is -1010010011011 - 1000?
-1010010100011
In base 9, what is 115264 - 24?
115240
In base 9, what is 282 + 11?
303
In base 15, what is 6 - -1a63?
1a69
In base 13, what is -461c5 + -4?
-461c9
In base 8, what is -272256 + -1?
-272257
In base 10, what is 333 + -295?
38
In base 13, what is -4 - 3234?
-3238
In base 8, what is 106666 + 1?
106667
In base 9, what is 278 + -540?
-251
In base 7, what is 130321 - -2?
130323
In base 16, what is efa - 2?
ef8
In base 3, what is -101210100 - 1?
-101210101
In base 16, what is -14 + -345cb?
-345df
In base 14, what is -85 - 338?
-3bd
In base 15, what is -4 + -b50?
-b54
In base 2, what is -10011010110000 - -11?
-10011010101101
In base 6, what is 11 - 223033?
-223022
In base 5, what is -10302 - 14241?
-30043
In base 2, what is 11010101100111 + -111?
11010101100000
In base 4, what is -1213200033 + 1?
-1213200032
In base 8, what is 13726445 + 1?
13726446
In base 7, what is 4 - 346462?
-346455
In base 6, what is -2044514 - -3?
-2044511
In base 9, what is -1 + -302028?
-302030
In base 4, what is -113310 + -12330?
-132300
In base 4, what is 10001201000 - -2?
10001201002
In base 14, what is 7c7d6 - -3?
7c7d9
In base 7, what is -5626131 - 1?
-5626132
In base 4, what is 130033 + 23?
130122
In base 16, what is -4bb561 + -4?
-4bb565
In base 2, what is -100 + 100010111100111010?
100010111100110110
In base 4, what is -10 - 20202123?
-20202133
In base 8, what is -151 + 30634?
30463
In base 16, what is -29d7 + -8a?
-2a61
In base 5, what is 31 + 310444?
311030
In base 16, what is 16c52 - -3?
16c55
In base 15, what is -11 - b77?
-b88
In base 2, what is -1000100110101 - -1101011001?
-110111011100
In base 5, what is 104 + -2200?
-2041
In base 15, what is d49 + -325?
a24
In base 2, what is 1111101000 - -101101?
10000010101
In base 11, what is 4 - 385152?
-385149
In base 6, what is 4020 + 200?
4220
In base 5, what is 4200 - -221?
4421
In base 13, what is 5 - 252a?
-2525
In base 13, what is -112434 + 0?
-112434
In base 10, what is -35555 - 18?
-35573
In base 13, what is c0 - 16?
a7
In base 9, what is -4 + -662603?
-662607
In base 4, what is 223111032 + 3?
223111101
In base 5, what is 400 + -1142412?
-1142012
In base 13, what is 34c75 - -2?
34c77
In base 9, what is -1033201 - 7?
-1033208
In base 13, what is -445c + -5?
-4464
In base 15, what is 105d1a - -4?
105d1e
In base 12, what is 1536 - -315?
184b
In base 13, what is 15976 - -5?
1597b
In base 9, what is 175 - 881?
-705
In base 7, what is -13 + 66552?
66536
In base 3, what is -20221110010 + 2?
-20221110001
In base 2, what is -100110 + -101100111010?
-101101100000
In base 15, what is -4 - 11ced?
-11d02
In base 11, what is -272444 - 6?
-27244a
In base 8, what is -1130 - -4600?
3450
In base 8, what is 126 + -1607?
-1461
In base 15, what is